0) + 17 + 12 + -33.
-3
4 + -2 + 4 + -10 - 1
-5
Evaluate 14 + -5 - (4 + 0) - 8.
-3
What is the value of (-2 - -7) + -1 + -5 + 8?
7
Evaluate -2 - (-4 - (-4 + 10 - 6)).
2
-1 + (-1 - -9) + (-229 - -228)
6
Calculate -3 - (-4 + (5 - 13) + 4).
5
Evaluate -1 - (-1 + 2) - (6 - 14).
6
Evaluate -1 + 2 + -3 + -85 + 88.
1
What is -6 + 0 + 3 + 2 + -2?
-3
What is -1 + 1 + (-2 - (-1 - -1))?
-2
Calculate 2 - (-4 + 1) - (-11 - -14).
2
Evaluate 0 + (-2 - -4) + (1 - -2).
5
Evaluate -6 - ((8 - 13 - 4) + -6).
9
Calculate -1 - (-7 - (7 + -6)).
7
(5 + -7 - -4) + (-3 - -1)
0
Evaluate 4 - ((14 - 9) + -4).
3
What is the value of 2 + (2 - 4 - 1)?
-1
Calculate -3 + (-12 - -8 - (2 + -7)).
-2
What is -10 + 10 + 1 + -2 + -2?
-3
93 + -102 + (0 - -1)
-8
What is the value of (2 - (-2 + 1 - -2)) + -3?
-2
Calculate 1 - (-6 + 7 + (-1 - -2)).
-1
What is -1 - 0 - -6 - (55 + -45)?
-5
1 + -1 - (-7 + 0 - -18)
-11
Evaluate (2 - (-7 + 4)) + 2.
7
(-2 - -4) + (9 - 6)
5
Calculate 0 + (-9 - -4) + 10.
5
Evaluate -9 + 12 + -1 + 0.
2
Calculate -6 + 3 - (4 + 0).
-7
What is the value of -9 + 8 + 4 + (2 - 0)?
5
Evaluate 0 + 13 + (-74 - -60).
-1
What is the value of -5 + 6 + (-8 - -6)?
-1
Evaluate 1 + 0 + -5 - (48 - 49).
-3
Calculate (0 - (-2 + -3)) + (-7 - -4).
2
5 + (0 - (0 - 0) - 4)
1
What is 0 + 3 + 2 - 10?
-5
Calculate -2 - (0 - (-8 + 15 - 7)).
-2
Calculate -2 - ((-2 - (2 + 7)) + 2).
7
What is 0 - (6 - 1) - (18 + -27)?
4
Calculate -1 + -3 - (-2 - -3) - -12.
7
Calculate 5 + 5 + -10 - 3.
-3
What is -28 + 54 + -20 + -15 + 0?
-9
Calculate (-2 - -5) + 3 + -2 + -5.
-1
Calculate (3 + 1 - 1) + (0 - 0).
3
What is (-10 - -3) + 13 + -1?
5
(0 + 2 - -3) + -6
-1
What is (0 - (-2 + 0)) + 1?
3
(2 - -2) + (1 - (6 + -2))
1
What is -6 - (6 - (5 + 1 + 0))?
-6
What is the value of 0 - (-5 - (-7 - -5)) - -2?
5
4 - (-1 - -4 - 3)
4
-13 + 9 + 0 + 5 - 4
-3
What is -4 + -5 + (4 - -4)?
-1
What is 3 + 0 + -8 + 1?
-4
What is (1 - (7 - 4)) + -1?
-3
What is the value of -6 - (7 + -3 + -12)?
2
1 + -4 + -1 + 2 + 1
-1
Evaluate 1 + 3 + (-4 - 0) - 4.
-4
What is the value of (-4 - 0) + 7 + 2 + -7?
-2
3 + -4 + 1 + 3
3
Evaluate 0 + -1 + -28 + 32.
3
Evaluate 1 - (0 + (-1 - -1) + -2).
3
(8 - -7) + -7 - 5
3
Evaluate 1 + 1 + 1 + -2.
1
2 - (7 + (-7 - (-3 - -1)))
0
What is the value of (1 - 2) + 2 + 6 + -3?
4
Calculate (-9 - (11 + -20)) + 3.
3
What is the value of 1 + 0 + -15 + 8?
-6
What is -6 - 1 - (-37 - -23)?
7
Evaluate -7 + (7 + -14 - -19).
5
What is the value of 80 - 89 - (0 + -3)?
-6
Calculate -1 + (-12 + 4 - 2) + 6.
-5
Evaluate -7 - (-6 - -2) - (3 - 10).
4
What is 0 - -4 - (-28 - -30)?
2
Evaluate (-3 - 8 - 5) + 8.
-8
What is the value of 1 + -4 + 2 + -2 + 2?
-1
What is the value of (1 - 3) + (11 - (17 - 8))?
0
What is the value of -8 + 5 - (1 + 1)?
-5
Calculate 2 + -1 - (9 + -8) - -2.
2
Calculate 0 + 7 + 0 + -4.
3
What is the value of 2 + (1 - 1 - 9)?
-7
Evaluate -20 + 15 - ((0 - 5) + 0).
0
Calculate -4 + (-4 + 1 - -8).
1
Evaluate (-26 - -26) + (-2 + 0 - 2).
-4
What is (6 - 13) + 3 + -1 + 10?
5
Evaluate (17 - 17) + -1 + -3.
-4
What is 1 - (-2 + (0 - (-1 + 2)))?
4
3 + 4 + -5 + 0
2
(-3 - (-2 + -6)) + (-3 - -2)
4
Evaluate (0 - -5 - 3) + -3.
-1
Calculate 0 - -4 - (-3 + 2).
5
0 - ((-1 - 3) + (-9 - -13))
0
What is the value of 3 - (2 + -4 + 3)?
2
What is (1 - 4) + -10 + 15?
2
-1 + 1 - (-5 + -3 - -1)
7
What is 2 + -6 - (8 + -8) - -7?
3
Calculate -5 + (8 - 7) + 9.
5
Calculate 5 + 0 - (4 + 8 + -10).
3
-5 + (-9 - (-14 - 4))
4
4 - ((-1 + 4 - 8) + 13)
-4
What is the value of -4 - (1 - (-3 - (0 + -4)))?
-4
Calculate -1 - (8 - 8) - -6.
5
-6 + (4 - (-2 + 0 + 4))
-4
Evaluate (14 - 20) + 13 - -1.
8
Calculate (8 + 3 - 13) + (4 - -2).
4
What is 5 + (-3 - -3) - (11 - 3)?
-3
Calculate 2 - (14 - (18 + -5)).
1
Evaluate 9 + 2 + 1 - 6 - 3.
3
What is 1 + (-5 - (-2 + 2 + -3))?
-1
-9 + (-4 - 2 - -1 - -5)
-9
-2 + (5 - (0 + -1)) - -2
6
Calculate 1 + -2 - (14 + -11).
-4
1 + -1 + 6 + 0
6
What is -3 + 4 + 2 - -2?
5
1 + 15 + -9 + -8
-1
Calculate -4 + (-7 - -8) + -3.
-6
What is the value of 12 + -8 - (3 - -1 - -2)?
-2
Calculate 1 - ((17 - 11) + (-4 - -1)).
-2
Evaluate 1 - (4 - 7 - (-5 + -2)).
-3
Calculate 6 - -1 - (-6 - -9) - 4.
0
What is 1 + (2 - -3) + 3 + -7?
2
What is the value of -1 + -2 - 3 - -4?
-2
Calculate -4 - (18 - 4 - 14).
-4
Evaluate (0 - (-1 - (-1 + 1))) + -1.
0
Calculate -2 - (-4 + 3 + 0 + 0).
-1
Calculate 3 - (0 - (0 - (2 + -3))).
4
What is (-3 - 1) + 7 - 3?
0
What is (6 - 11) + -1 + -3 + 2?
-7
(-4 - -6) + (-1 - 4)
-3
What is -5 + 9 + (-3 - 1) + -5?
-5
-4 + (14 - 5) + -2
3
Calculate -6 - (0 + 8 + -18).
4
What is the value of -2 + 9 - ((-2 - -3) + 2)?
4
What is the value of -6 - (2 - 6) - -1?
-1
What is the value of -1 + 1 - (-2 - (2 - 0))?
4
Evaluate 4 + -3 + (-6 + 21 - 7).
9
What is the value of 3 - 7 - -3 - -3?
2
What is -1 + (-5 - (1 - 4))?
-3
What is -2 - (-1 - (-2 + 5))?
2
What is (-4 - (3 - 10)) + -3 + -5?
-5
Evaluate 7 - (-1 - (0 - (-5 - -7))).
6
What is 0 + -12 + 5 - -4?
-3
6 - ((1 - -4) + (-6 - -4))
3
(0 + 4 - 8) + 7
3
-6 + (4 - (0 - -1)) + -1
-4
Evaluate (-10 + 4 - -5) + (5 - -1).
5
Evaluate 9 - (19 + -9 - 6).
5
Calculate -5 + (-2 - (-3 + (-4 - -6))).
-6
What is 6 + (-1 + (3 - 1) - 2)?
5
Calculate 1 + (3 - (4 + -6 + 4)).
2
What is (-2 - 3) + 7 + 1?
3
Calculate 6 + -11 - 1 - -14.
8
What is the value of 7 + 1 + (-3 - (2 + -2))?
5
1 + (4 + 0 - 9 - -1)
-3
Calculate -4 - (4 - 2 - 1).
-5
What is 4 + 8 + -7 + -11?
-6
Calculate 4 + -2 + -4 - (-11 + 3).
6
Evaluate (-4 - -4 - -4) + (-1 - 0).
3
Evaluate 6 - (2 - (3 - 4)) - 0.
3
What is -6 + -1 + -36 + 35?
-8
Calculate 11 - 12 - (-3 - -1).
1
Calculate (-13 - (-1 + -11)) + 1 + -1.
-1
What is the value of (-6 - 0) + -27 + 14 + 8?
-11
Calculate 0 - (-2 - 8 - -8).
2
Calculate 0 + -2 + 8 + 5 + -9.
2
What is the value of (-6 - (-1 + 0) - -3) + -1?
-3
Calculate 2 + -5 + 2 - 3.
-4
What is the value of 1 + (-6 - -13 - 5)?
3
Calculate 0 + (10 - 9) + (-2 - -1).
0
Evaluate (-3 - -10) + 3 + -4 + -2.
4
What is the value of 5 + 1 + 7 + -6?
7
Evaluate -4 - -4 - (-5 + 12 + -2).
-5
What is (-3 - -8) + -1 + (-12 - -5)?
-3
What is (2 - 0) + (1 - 2)?
1
Calculate 4 - 9 - (0 + -1).
-4
Evaluate 4 - (-34 - -35 - (-1 + -9)).
-7
What is the value of (0 - (-4 + 16)) + 8?
-4
What is 0 + -6 + (-3 - -5) + 5?
1
What is the value of (-1 - -4) + (-9 - (5 + -14))?
3
Calculate (13 - (3 - 1)) + -3.
8
What is 3 + 54 + -67 + 8 + -1?
-3
Calculate (5 - 1) + 3 + (4 - 9).
2
Evaluate -3 + (4 + -3 - (4 + -2)).
-4
Evaluate 6 + -8 + 1 + 1.
0
What is the value of 0 + (10 - 8) + (-2 - -2)?
2
Calculate 3 + -4 + (3 - -3) + -6.
-1
Evaluate -1 + -3 - (-3 + 2).
-3
13 - (4 - -11) - (1 - 8)
5
What is the value of -6 + -2 + (2 - 1 - -3)?
-4
-6 + 4 - 7 - -8
-1
(7 - 2) + (-5 - (0 + -5))
5
What is (2 - 8) + 6 + 5?
5
What is 1 + (5 - (12 - (3 + 2)))?
-1
Evaluate -5 + 0 + (-1 - 4) + 5.
-5
What is 0 + (2 - 4) + -7 + 12?
3
Calculate (-5 - -1) + (3 - 4).
-5
What is the value of -5 + 2 - (-1 - -1)?
-3
Calculate 6 + -7 + 3 + -9.
-7
Calculate (-8 - (3 + -2)) + -1 + 5.
-5
Evaluate (-3 - (-4 - -1)) + -3 + 0.
-3
What is 5 + -11 + 11 + (4 - 13)?
-4
Calculate (-1 - -1) + 10 + -7 + -2.
1
What is 2 - (0 + -1 + -2)?
5
What is (3 - 3) + 3 + -1?
2
Calculate -2 + (8 - (4 - 0)).
2
(-1 - (2 - 1)) + -18 + 17
-3
Evaluate -1 + 1 + (121 - 123).
-2
Evaluate 3 + (-1 - 3) + -4.
-5
Calculate -7 - (4 + -6) - -3.
-2
-13 + (1 - (0 - 4)) + -1
-9
Calculate (9 - 8 - 13) + 20.
8
What is 2 + 1 - (-2 - -3)?
2
Calculate 8 + -4 - 4 - 3.
-3
-15 + 12 - (2 - -1)
-6
What is (5 - (1 + 10)) + 13?
7
Calculate -8 + 0 + 4 + 0 + 2.
-2
What is -1 - -10 - (-52 + 60)?
1
Evaluate -1 + -5 + 3 - -6.
3
Calculate (2 - 4) + 0 + 1 + -3.
-4
Calculate -6 + 3 + 2 + 0 - -3.
2
What is 4 + -8 + 4 + 2?
2
Calculate -11 + 13 + -27 + 16.
-9
Calculate (-12 + 7 - -14) + -4 + -3.
2
What is the value of (-1 - (-1 - 5)) + -4?
1
Calculate 7 - (-4 + (-1 - -14)).
-2
-6 + (2 - (-2 - -2)) + 1
-3
6 + 7 + -20 + 7
0
Evaluate -4 + (1 - (-12 - (-10 - -3))).
2
Calculate (2 - -1) + (-63 - -66).
6
Evaluate (2 - 3) + (0 - 0 - 2).
-3
-8 + (-7 - -17) + -7
-5
1 - (3 - (-3 + 3 + 2))
0
2 + 0 + (-3 + 0 - -3)
2
What is -8 + (12 - (-4 + 6 + -8))?
10
Calculate -51 + 40 + 3 + 0.
-8
Calculate 3 + (12 - (14 + 7)).
-6
(7 - (0 - (-1 - 0))) + -3
3
What is the value of (-1 + -1 - 0) + 13 + -15?
-4
What is the value of -6 - (3 + -7) - 2?
-4
What is (-8 - (-3 -